 highest common divisor of 729 and 214191?
27
Calculate the greatest common divisor of 480 and 401560.
40
Calculate the highest common divisor of 1465 and 420.
5
Calculate the greatest common divisor of 128 and 242928.
16
Calculate the greatest common divisor of 1596 and 231.
21
Calculate the highest common factor of 4488511 and 327.
109
Calculate the highest common divisor of 85977 and 3728.
233
What is the highest common divisor of 85 and 7885?
5
What is the greatest common divisor of 4498 and 14898?
26
What is the highest common divisor of 30 and 87375?
15
What is the greatest common divisor of 63 and 176589?
63
Calculate the greatest common divisor of 24244 and 104500.
836
What is the greatest common factor of 176062 and 1880?
94
Calculate the highest common factor of 539 and 258181.
539
Calculate the highest common factor of 187785 and 1040.
65
What is the greatest common factor of 252405 and 1278?
639
Calculate the greatest common divisor of 16 and 61.
1
What is the highest common divisor of 2710 and 227098?
542
Calculate the highest common divisor of 18 and 1068.
6
What is the highest common divisor of 174132 and 45?
9
What is the greatest common divisor of 1939 and 554?
277
What is the greatest common divisor of 105 and 9104025?
105
What is the greatest common divisor of 1154366 and 1141?
163
Calculate the greatest common factor of 6341366 and 83.
83
Calculate the highest common divisor of 57537 and 99.
9
What is the greatest common factor of 161 and 4002?
23
What is the greatest common divisor of 95 and 304?
19
What is the greatest common divisor of 108 and 200916?
36
Calculate the greatest common divisor of 180 and 156410.
10
What is the highest common factor of 85173 and 2136?
267
What is the highest common divisor of 1488 and 465?
93
Calculate the highest common factor of 359 and 61.
1
Calculate the highest common divisor of 573 and 60738.
573
Calculate the greatest common divisor of 18 and 10828008.
18
Calculate the greatest common divisor of 7446 and 13209.
51
What is the greatest common factor of 21670 and 1650?
110
What is the greatest common divisor of 35 and 2055?
5
What is the greatest common factor of 124510 and 530?
10
Calculate the highest common factor of 10506 and 119.
17
Calculate the highest common factor of 508751 and 482.
241
Calculate the highest common factor of 8868 and 36.
12
Calculate the greatest common divisor of 165 and 85745.
55
What is the greatest common factor of 24061 and 1?
1
What is the highest common factor of 733326 and 4510?
902
What is the greatest common divisor of 9 and 97941?
3
Calculate the greatest common factor of 32922 and 209250.
558
What is the greatest common divisor of 44 and 191609?
11
Calculate the highest common factor of 924876 and 552.
276
Calculate the greatest common divisor of 190021 and 65.
13
Calculate the highest common factor of 610 and 19700.
10
Calculate the highest common divisor of 3803147 and 29.
29
Calculate the highest common factor of 316 and 420596.
316
What is the highest common divisor of 99255 and 260?
65
What is the greatest common factor of 5525 and 427975?
425
What is the greatest common factor of 748 and 191796?
44
Calculate the highest common divisor of 2616990 and 498.
498
Calculate the highest common divisor of 6596 and 17363.
97
Calculate the highest common divisor of 1855 and 35987.
371
Calculate the highest common factor of 116708 and 54416.
716
Calculate the highest common divisor of 1467494 and 518.
518
What is the greatest common divisor of 13068 and 372?
12
What is the highest common divisor of 11577 and 1241?
17
What is the highest common divisor of 623 and 49?
7
What is the greatest common factor of 6581365 and 1505?
1505
What is the highest common divisor of 185 and 455285?
185
What is the highest common divisor of 99 and 9189?
9
Calculate the greatest common divisor of 1386392 and 8.
8
What is the greatest common factor of 52576 and 416?
32
Calculate the greatest common divisor of 816 and 324224.
272
Calculate the highest common factor of 3 and 1874943.
3
Calculate the highest common divisor of 1056 and 561.
33
What is the greatest common factor of 1067 and 20467?
97
What is the highest common factor of 634413 and 117?
39
Calculate the highest common factor of 163833 and 15.
3
Calculate the greatest common divisor of 398180 and 258.
86
What is the greatest common divisor of 6 and 13250?
2
Calculate the highest common divisor of 75678 and 6.
6
Calculate the greatest common divisor of 290690 and 41.
41
Calculate the highest common divisor of 630 and 12726.
126
What is the highest common divisor of 322864 and 1?
1
Calculate the greatest common divisor of 299888 and 464.
16
What is the greatest common divisor of 53 and 3410974?
53
Calculate the highest common divisor of 211584 and 3.
3
Calculate the greatest common factor of 1394 and 159613.
697
What is the greatest common divisor of 98845 and 1?
1
Calculate the highest common divisor of 3713 and 5056.
79
Calculate the highest common divisor of 8144 and 256.
16
Calculate the highest common divisor of 4751131 and 231.
77
What is the highest common divisor of 20415 and 60?
15
What is the highest common divisor of 307 and 15?
1
What is the highest common divisor of 4 and 36?
4
Calculate the highest common divisor of 2082 and 5813638.
694
Calculate the greatest common factor of 1829 and 29382.
59
Calculate the highest common divisor of 35849 and 22.
11
What is the highest common divisor of 52020 and 1428?
204
What is the greatest common factor of 120 and 23784?
24
What is the highest common divisor of 35759 and 11?
1
Calculate the greatest common divisor of 327 and 3021153.
327
What is the greatest common divisor of 23 and 975844?
23
Calculate the highest common factor of 4532 and 82.
2
Calculate the greatest common divisor of 176 and 111023.
11
Calculate the greatest common divisor of 686 and 1498.
14
Calculate the highest common factor of 114 and 22002.
114
Calculate the highest common divisor of 1805 and 3534551.
361
What is the highest common factor of 9 and 2963?
1
Calculate the greatest common factor of 164561 and 89.
89
Calculate the greatest common factor of 8163247 and 3044.
761
What is the greatest common factor of 10836 and 53148?
516
Calculate the highest common divisor of 722 and 114437.
361
What is the greatest common divisor of 100 and 64825?
25
What is the greatest common divisor of 33502 and 28?
14
Calculate the highest common factor of 6931 and 928.
29
Calculate the highest common factor of 231 and 29491.
77
Calculate the greatest common factor of 180999 and 819.
819
Calculate the greatest common divisor of 13377 and 16653.
273
What is the highest common divisor of 3609 and 103859?
401
Calculate the highest common factor of 187240 and 32.
8
Calculate the greatest common factor of 153 and 101048.
17
What is the greatest common divisor of 9499 and 25193?
413
Calculate the highest common factor of 1580 and 3440.
20
What is the greatest common divisor of 72436 and 1092?
364
Calculate the highest common divisor of 49575 and 1545.
15
What is the greatest common factor of 380 and 271472?
76
Calculate the highest common factor of 360 and 727920.
360
What is the greatest common factor of 500283 and 1701?
189
Calculate the highest common divisor of 1290 and 3210.
30
What is the greatest common divisor of 25018 and 70?
14
Calculate the greatest common factor of 92 and 15157.
23
Calculate the highest common factor of 165408 and 200.
8
What is the highest common factor of 10700 and 1400?
100
What is the highest common factor of 450 and 3054150?
450
Calculate the greatest common divisor of 52 and 1147133.
13
Calculate the highest common divisor of 211159 and 111.
37
Calculate the greatest common divisor of 160095 and 117.
39
Calculate the highest common divisor of 381 and 34417.
127
Calculate the greatest common divisor of 247836 and 3078.
114
Calculate the greatest common divisor of 856952 and 24.
8
Calculate the highest common factor of 5 and 3005.
5
Calculate the greatest common factor of 440 and 949564.
44
What is the highest common factor of 55 and 130768?
11
What is the greatest common factor of 288 and 6350688?
288
What is the highest common factor of 1234988 and 59?
59
What is the great